) = u**2 + 17*u + 23. Suppose -66*y - 260*y = 5542. Determine r(y).
23
Suppose -2437*s = -2425*s + 72. Let a(q) be the first derivative of -q**3/3 - 5*q**2/2 + 7*q - 1. What is a(s)?
1
Suppose 3277 = 2*u + l, -u = -l - 618 - 1022. Let y(w) = 0*w + 1638 - 3*w - u + 5*w. Calculate y(5).
9
Let z(k) be the first derivative of -k**7/840 - k**6/72 + k**5/15 + k**4/8 + 66*k**3 - 149. Let t(p) be the third derivative of z(p). What is t(-6)?
-9
Let f(x) = 400*x + 15 + x**2 - 408*x - 5. What is f(4)?
-6
Let d(f) be the first derivative of 0*f**3 + f + 1/2*f**2 + 5/2*f**4 + 36. Give d(-1).
-10
Let w(p) = 9 - 423*p + 432*p - 368*p**2 - 369*p**2 + 736*p**2. Suppose 0*t + 2*t - 20 = 0. Calculate w(t).
-1
Let h(s) be the second derivative of s**4/6 + s**3/3 + 16*s. Let w be h(1). Suppose 10 = i + w*i. Let b(z) = -2*z**2 + 2. What is b(i)?
-6
Let g(z) be the first derivative of z**7/840 + z**6/90 - 45*z**3 - 5. Let v(c) be the third derivative of g(c). Calculate v(-2).
8
Let r(c) = -3*c**2 + 113*c - 78. Let t = -14886 + 14923. Calculate r(t).
-4
Let s = 18 + -15. Let m(j) = 239*j**2 - j + 1 - 242*j**2 - s - 3*j**3. Let x = -21 + 19. Determine m(x).
12
Let h(a) be the third derivative of 26*a**2 + 0 + 0*a + 1/10*a**5 - 1/6*a**4 - a**3 - 1/120*a**6. Let i(g) = -g**2 - 11*g + 17. Let b be i(-12). Calculate h(b).
-1
Let m(p) = -15*p**3 + 225*p**2 + p - 10. Let s be m(15). Let c(n) = 5 + n - n**2 + n - n + n. Calculate c(s).
-10
Let h(p) = 3*p**2 + 4*p**2 - 6*p**2 - 1 + 8*p - 3*p. Suppose -7*m - 3*m - 95 = -35. Calculate h(m).
5
Let g(s) = -22*s - 115. Suppose 29 + 21 = -10*x. Let c be g(x). Let f(b) = -3*b + 4. Let y(d) = -2*d + 2. Let u(p) = 3*f(p) - 5*y(p). Give u(c).
-3
Let b(f) = f**2 - 7*f - 20. Suppose -78*w - 86 = -600 - 344. Calculate b(w).
24
Let j(a) = -2*a**2 + 3*a. Suppose 12*h - 52 = 32. Let n = h - 5. What is j(n)?
-2
Let r(o) = -8*o - 66. Let j be r(-11). Suppose k + j = -3*t, -5*t - k - 9 = 25. Let p(c) = -6 - c + 0*c + 3. What is p(t)?
3
Let n(i) be the second derivative of -i**4/6 + 13*i**3/6 - 3*i**2 - 1196*i. Determine n(7).
-13
Let l(t) = 1711*t - 65017. Let m be l(38). Let b(a) = 7*a + 5. Suppose -5*n - 10 = 0, 0*z - n = z. Let u(c) = 3*c + 2. Let o(h) = z*b(h) - 5*u(h). What is o(m)?
-1
Let a(p) be the first derivative of -p**2/2 - 2*p + 529. What is a(-1)?
-1
Let a(q) = -3*q**3 + 5*q**2 + 3*q - 1. Let y be a(3). Let o be 10/(-5) - (-7)/(y/(-8)). Let l(s) = -s**3 - s**2 - s - 2. Determine l(o).
-2
Let o(n) = -4*n - 9*n - 3 + 4. Suppose 3*q + 21 = 0, 188*q - 185*q + 25 = 4*s. What is o(s)?
-12
Let l(i) = 14*i + 3. Let c(t) = -t**3 + 41*t**2 + 119*t + 573. Let y be c(44). Determine l(y).
17
Let k(w) = 3*w + 164*w + 7*w - 175*w - 7. Let y(j) = -j**2 + 6*j + 10. Let x be y(9). What is k(x)?
10
Suppose 17*t - 7*t - 560 = 66*t. Let r(q) = -q**3 - 11*q**2 + 4*q + 14. Determine r(t).
-126
Let q = 79 + -74. Suppose 0 = -z - q*z - 6. Let d(j) = -1 + 9*j - 14*j + 6*j**3 + 4*j + j**2. Determine d(z).
-5
Let y(o) = -72847 - 12*o + o**2 - o - 10*o + 72732. Determine y(27).
-7
Let j(k) = -10*k**2 - 15*k + 2. Let h(n) = 3*n + 1. Let u(w) = 5*h(w) + j(w). Calculate u(-3).
-83
Suppose 3*p = 15*p + 84. Let i(y) be the second derivative of -y**4/12 - y**3 - 3*y**2/2 - 6*y. Give i(p).
-10
Let q(z) = 11*z - 7. Let s = -86 - -61. Let w be 66/(-10) - 15/s. Let f(x) = -x + 1. Let l(c) = w*f(c) - q(c). Give l(4).
-19
Let j = 598 - 591. Suppose s + 4*l = -5, 2*l - j = 2*s - 17. Let t(h) be the second derivative of h**5/20 - h**4/6 - h**3/3 + h**2/2 - h. What is t(s)?
4
Let z(k) be the third derivative of k**7/840 - k**6/60 - k**5/24 - k**4/4 + 25*k**3/2 - 8*k**2. Let j(f) be the first derivative of z(f). Give j(7).
8
Let s(d) = -d - 13. Let l be (-2*(-15)/(-40))/((-49)/196). Let y be 10/(-3)*(-3)/2. Suppose -y*k = l + 32. Give s(k).
-6
Let s(c) be the third derivative of -c**6/360 + 7*c**5/120 + 5*c**4/8 - 17*c**3 - 158*c**2. Let a(x) be the first derivative of s(x). Calculate a(9).
-3
Let l(i) = 10*i - 4. Let h(w) = -w. Let z(m) = -9*m + 26. Let s be z(3). Let d(j) = s*l(j) - 5*h(j). Calculate d(-3).
19
Let d(i) = 2*i**3 - 3*i**2 - 5*i + 1. Let w(f) = -12*f + 45. Let m be w(4). Let h(v) = 2*v**3 - 7*v**2 - 11*v + 2. Let y(t) = m*h(t) + 7*d(t). Determine y(1).
7
Let j(t) = -t**2 - 7*t - 4. Let u = -206 + 210. Suppose -27 + 55 = -u*r. Calculate j(r).
-4
Suppose 10*i - 163 - 327 = 0. Suppose 5*n + i = g + 61, 0 = -2*n - 2*g. Let v(l) = l**3 - 2*l**2 + 3*l. What is v(n)?
6
Let s be ((-841)/2523)/(-1 - (-10)/9). Let o(b) = -8*b**2 - 6. Calculate o(s).
-78
Let p(m) be the second derivative of m**4/12 - m**3/2 - 3*m**2 + 11*m + 8. Let g(l) = -l**3 - l**2 + 2*l + 2. Let q be g(-3). Let y = q + -9. What is p(y)?
4
Let h(y) = y + 5. Let b be (-8)/4*75/(-30). Let w(l) = l + l + 7 + 1 - 2. Let m(a) = b*h(a) - 4*w(a). What is m(1)?
-2
Let s(t) = t**2 - t - 1. Let f(r) = 7 - 2*r**2 + 4 + 7*r - 7. Let y(u) = f(u) + 3*s(u). What is y(-4)?
1
Let n(b) = -3*b**2 - 5*b + 2. Suppose 4*x = 4*s + 9*x - 3, s - 7 = 5*x. Suppose 28 = -9*d + s*d. Determine n(d).
-26
Let p be (-50)/8 + 5/20. Let f(r) be the first derivative of -3*r**2 - 6*r - 12 - 1/3*r**3. Give f(p).
-6
Let f(y) = y**3 - 8*y**2 - y + 8. Suppose 2*k - 114 = -3*x, -15 = -2*x + k + 68. Suppose -20 - x = 5*b. Let h be 4/b*(-28 - -4). Determine f(h).
0
Let m(x) = -x**3 + 3*x**2 - 2. Let y be m(2). Let t(c) = c + c**3 - 11 - 4*c + 8*c**y + 2*c. Let s = -205349 - -205341. Give t(s).
-3
Let r(k) be the first derivative of -k**5/30 + 5*k**4/24 - 22*k**3 + k**2/2 - 272. Let w(a) be the third derivative of r(a). Determine w(3).
-7
Suppose -4*y = 6*y + 6*y. Suppose y = -18*l + 6*l - 48. Let h(t) = t**3 + 2*t**2 - 6*t - 1. Determine h(l).
-9
Let x be 2/(-25) + (-4080)/(-1000). Let z(g) = -6*g + 16. Calculate z(x).
-8
Let o(g) = -2*g**2 - 4*g**2 + 0 + 4*g**2 - 1 - 9*g. Suppose -213*h = -129*h + 343 + 161. Give o(h).
-19
Let q(v) = 10 + 28*v**2 - 56*v**2 + 2052*v - 2008*v + 22*v**2. Determine q(7).
24
Let r(n) = n**2 + 3*n + 1. Let l be r(4). Suppose -9*b + l*b - 100 = 0. Let p(d) = -d**2 + 10*d - 2. Determine p(b).
23
Let n(w) be the first derivative of 97*w**4/4 - w**2/2 + 750. Give n(-1).
-96
Let o(l) = -l**3 - 5*l**2 - 4*l + 4. Let z be o(-4). Let k(w) = -w - 8*w**2 + 4 + 4 + w**3 - z. Let a be 16*296/(-444)*3/(-4). Determine k(a).
-4
Let s(y) = -243*y - 4627. Let l be s(-19). Let b(j) = -10*j - 91. What is b(l)?
9
Let l = -6251 - -6257. Let i(y) = -2*y + 9. Calculate i(l).
-3
Let n(d) = -d**3 + 4*d**2 + 20*d + 13. Let p = 5809 + -5802. What is n(p)?
6
Let l(s) be the first derivative of -s**2/2 + 571. Let z(v) = 2*v**2 + 2 - v + 2*v**2 - v**2. Let u(f) = 4*l(f) - z(f). Calculate u(-3).
-20
Let k(b) be the third derivative of b**4/8 - 8*b**3/3 + 9*b**2 - 41*b. What is k(15)?
29
Let h(g) = -11*g**2 - 2*g - 1. Suppose 0 = -2*f - 3*z + 582, f - 174 - 115 = -2*z. Let r = -298 + f. Calculate h(r).
-10
Let k(q) = -q - 14. Suppose -4*b + 34 = -n, 182*n + 5*b = 178*n + 11. Determine k(n).
-8
Let n(k) = -8*k**2 - k + 6. Let a(m) = m**2 - 4. Let i(p) = a(p) + n(p). Suppose -5*y - 13 = -3. Give i(y).
-24
Let a(j) = -j + 6. Let r = -8706 + 8710. Calculate a(r).
2
Suppose 0 = 9*t - 1681 + 250. Let v(o) = -5*o**2 - 7*o - 150 + t - 5*o. Let k(m) = 9*m**2 + 23*m - 18. Let n(b) = -6*k(b) - 11*v(b). What is n(6)?
9
Suppose -92*s + 67 + 209 = 0. Let y(u) = -4*u**2 - 3*u + 4. Determine y(s).
-41
Let h = -1 + 3. Suppose -h*i + 2*d = -48, -3*i - 2*d - 8 = -70. Let b = -27 + i. Let u(v) = v**3 + 5*v**2 + v - 7. Give u(b).
-12
Let k(z) = 12*z**3 + 14*z**2 + 11*z - 4. Let v(y) = 10*y - 13 - 5*y + 21*y**2 + 11*y + y + 7 + 17*y**3. Let j(n) = 7*k(n) - 5*v(n). Give j(-6).
14
Let g(z) = -z**2 - 8*z - 10. Let k be g(-4). Let m(d) be the third derivative of d**5/60 - 5*d**4/24 + 3*d**3/2 - 4*d**2 - 14. Give m(k).
15
Suppose 13 = -3*t - 2. Let u(s) = -12*s**2 - 1. Let i(c) = -7*c**2 + c. Let q(n) = 5*i(n) - 3*u(n). What is q(t)?
3
Let i(j) = -j + 5. Let v(k) = -183*k**3 + k**2 - 2*k - 2. Let t be v(-1). Let o = -180 + t. Calculate i(o).
1
Let i(f) be the first derivative of -f**4/4 - 26*f**3/3 - 11*f**2 + 74*f + 1772. What is i(-25)?
-1
Suppose -2*z = -37*k + 42*k + 117, 0 = -z - 1. Let t(x) = x**2 + 16*x - 156. Calculate t(k).
5
Let s(j) be the second derivative